by 26.
21
Calculate the remainder when 54 is divided by 11.
10
What is the remainder when 492 is divided by 69?
9
Calculate the remainder when 3055 is divided by 28.
3
Calculate the remainder when 6314 is divided by 52.
22
What is the remainder when 19679 is divided by 160?
159
Calculate the remainder when 1102 is divided by 278.
268
What is the remainder when 796 is divided by 2?
0
What is the remainder when 714 is divided by 233?
15
What is the remainder when 1104 is divided by 17?
16
What is the remainder when 1034 is divided by 36?
26
What is the remainder when 90 is divided by 27?
9
Calculate the remainder when 3355 is divided by 238.
23
Calculate the remainder when 773 is divided by 43.
42
Calculate the remainder when 397 is divided by 24.
13
What is the remainder when 61161 is divided by 9?
6
What is the remainder when 77 is divided by 30?
17
What is the remainder when 198 is divided by 83?
32
What is the remainder when 7779 is divided by 144?
3
What is the remainder when 49 is divided by 44?
5
Calculate the remainder when 198 is divided by 30.
18
Calculate the remainder when 1217 is divided by 124.
101
Calculate the remainder when 235 is divided by 209.
26
Calculate the remainder when 1432 is divided by 202.
18
Calculate the remainder when 297 is divided by 13.
11
What is the remainder when 133 is divided by 57?
19
Calculate the remainder when 406 is divided by 19.
7
What is the remainder when 46 is divided by 8?
6
What is the remainder when 2846 is divided by 77?
74
What is the remainder when 31 is divided by 2?
1
What is the remainder when 4019 is divided by 52?
15
Calculate the remainder when 178 is divided by 134.
44
Calculate the remainder when 5962 is divided by 42.
40
Calculate the remainder when 133 is divided by 9.
7
Calculate the remainder when 136 is divided by 13.
6
Calculate the remainder when 445 is divided by 94.
69
What is the remainder when 119 is divided by 41?
37
What is the remainder when 120 is divided by 106?
14
Calculate the remainder when 624 is divided by 33.
30
What is the remainder when 3690 is divided by 97?
4
Calculate the remainder when 156 is divided by 9.
3
What is the remainder when 1610 is divided by 802?
6
What is the remainder when 16039 is divided by 20?
19
Calculate the remainder when 2716 is divided by 1357.
2
What is the remainder when 143 is divided by 32?
15
Calculate the remainder when 23 is divided by 6.
5
What is the remainder when 1028 is divided by 298?
134
Calculate the remainder when 31577 is divided by 99.
95
Calculate the remainder when 26288 is divided by 110.
108
What is the remainder when 5029 is divided by 136?
133
What is the remainder when 1178 is divided by 68?
22
What is the remainder when 120 is divided by 45?
30
Calculate the remainder when 17351 is divided by 7.
5
Calculate the remainder when 1877 is divided by 312.
5
What is the remainder when 252 is divided by 11?
10
What is the remainder when 61 is divided by 20?
1
Calculate the remainder when 387 is divided by 70.
37
What is the remainder when 2222 is divided by 19?
18
Calculate the remainder when 620 is divided by 16.
12
What is the remainder when 139 is divided by 48?
43
Calculate the remainder when 3441 is divided by 123.
120
What is the remainder when 1340 is divided by 79?
76
Calculate the remainder when 96 is divided by 20.
16
What is the remainder when 13486 is divided by 10?
6
What is the remainder when 104 is divided by 46?
12
Calculate the remainder when 558 is divided by 20.
18
Calculate the remainder when 369 is divided by 10.
9
What is the remainder when 1474 is divided by 295?
294
What is the remainder when 1084 is divided by 14?
6
What is the remainder when 585 is divided by 49?
46
What is the remainder when 3659 is divided by 16?
11
What is the remainder when 173 is divided by 11?
8
What is the remainder when 129 is divided by 119?
10
What is the remainder when 960 is divided by 9?
6
Calculate the remainder when 3282 is divided by 42.
6
Calculate the remainder when 88 is divided by 15.
13
Calculate the remainder when 909 is divided by 153.
144
What is the remainder when 231 is divided by 29?
28
What is the remainder when 447 is divided by 30?
27
What is the remainder when 2089 is divided by 110?
109
What is the remainder when 128 is divided by 55?
18
Calculate the remainder when 6611 is divided by 114.
113
Calculate the remainder when 534 is divided by 145.
99
Calculate the remainder when 2880 is divided by 107.
98
What is the remainder when 57 is divided by 20?
17
What is the remainder when 119 is divided by 40?
39
Calculate the remainder when 1448 is divided by 6.
2
Calculate the remainder when 10539 is divided by 68.
67
Calculate the remainder when 220 is divided by 52.
12
What is the remainder when 1508 is divided by 89?
84
What is the remainder when 479 is divided by 48?
47
Calculate the remainder when 942 is divided by 581.
361
What is the remainder when 126 is divided by 126?
0
What is the remainder when 108 is divided by 13?
4
Calculate the remainder when 317 is divided by 63.
2
Calculate the remainder when 152 is divided by 86.
66
Calculate the remainder when 886 is divided by 180.
166
Calculate the remainder when 1251 is divided by 412.
15
What is the remainder when 260 is divided by 248?
12
Calculate the remainder when 6629 is divided by 78.
77
Calculate the remainder when 788 is divided by 736.
52
Calculate the remainder when 4263 is divided by 1414.
21
Calculate the remainder when 1509 is divided by 54.
51
What is the remainder when 16 is divided by 5?
1
What is the remainder when 218 is divided by 65?
23
What is the remainder when 21157 is divided by 460?
457
Calculate the remainder when 1131 is divided by 282.
3
Calculate the remainder when 207 is divided by 25.
7
What is the remainder when 272 is divided by 135?
2
Calculate the remainder when 363 is divided by 52.
51
What is the remainder when 237 is divided by 22?
17
What is the remainder when 797 is divided by 119?
83
Calculate the remainder when 472 is divided by 154.
10
What is the remainder when 213 is divided by 13?
5
Calculate the remainder when 520 is divided by 62.
24
Calculate the remainder when 450 is divided by 21.
9
What is the remainder when 3474 is divided by 1733?
8
What is the remainder when 710 is divided by 235?
5
What is the remainder when 186 is divided by 56?
18
What is the remainder when 101 is divided by 35?
31
Calculate the remainder when 10203 is divided by 162.
159
What is the remainder when 231 is divided by 22?
11
What is the remainder when 285 is divided by 49?
40
What is the remainder when 307 is divided by 2?
1
Calculate the remainder when 416 is divided by 71.
61
Calculate the remainder when 1735 is divided by 42.
13
What is the remainder when 146 is divided by 35?
6
Calculate the remainder when 158 is divided by 2.
0
Calculate the remainder when 5263 is divided by 94.
93
What is the remainder when 168 is divided by 92?
76
Calculate the remainder when 864 is divided by 23.
13
What is the remainder when 2512 is divided by 74?
70
Calculate the remainder when 214 is divided by 17.
10
What is the remainder when 2320 is divided by 154?
10
Calculate the remainder when 1662 is divided by 185.
182
What is the remainder when 337 is divided by 47?
8
What is the remainder when 237 is divided by 44?
17
Calculate the remainder when 147 is divided by 17.
11
What is the remainder when 9044 is divided by 24?
20
Calculate the remainder when 139 is divided by 26.
9
Calculate the remainder when 2397 is divided by 49.
45
Calculate the remainder when 3158 is divided by 29.
26
What is the remainder when 172 is divided by 38?
20
What is the remainder when 106 is divided by 14?
8
Calculate the remainder when 999 is divided by 53.
45
What is the remainder when 807 is divided by 113?
16
Calculate the remainder when 553 is divided by 17.
9
What is the remainder when 197 is divided by 24?
5
What is the remainder when 10 is divided by 1?
0
What is the remainder when 1765 is divided by 76?
17
Calculate the remainder when 1118 is divided by 99.
29
Calculate the remainder when 1567 is divided by 10.
7
What is the remainder when 627 is divided by 128?
115
Calculate the remainder when 9098 is divided by 28.
26
What is the remainder whe